uppose -2*n = j - 5*n + 9, -2*j - n - 4 = o. Let a be 1/j + 166/3. What is the highest common divisor of a and 11?
11
Let d(g) = g - 1. Let u be (-3 + 5)*7/(-2). Let x be (12/14)/((-1)/u). Let s be d(x). Calculate the greatest common divisor of s and 40.
5
Let l be 35 + -1 + (1 - 2). Calculate the highest common factor of 22 and l.
11
Let b = 102 - 70. Calculate the highest common factor of 8 and b.
8
Suppose v - 30 = -2*v. Calculate the greatest common factor of v and 30.
10
Let m = 126 + -124. What is the greatest common factor of m and 11?
1
Let r(i) be the second derivative of -29*i**3/6 - i**2/2 - i. Let g be r(1). Let t = 70 + g. What is the highest common divisor of 16 and t?
8
Let g(k) = 5*k - 1. Suppose 0 = 10*w - 9*w - 1. Let i be g(w). What is the greatest common divisor of 20 and i?
4
Suppose -3*q - 2*l + 0 + 10 = 0, -2*q - 3*l + 5 = 0. Let n = q - -1. What is the highest common divisor of n and 55?
5
Suppose -3*g + 2*d = 2*g - 45, 0 = 3*g + 4*d - 27. Let f = -4 + g. Calculate the greatest common factor of f and 1.
1
Let a = -16 + 16. Suppose -2*k + 220 = 2*z, k + k + 4*z - 220 = a. What is the greatest common factor of k and 10?
10
Let b = -40 - -44. Let s be 2/(-7) - 37/(-7). Let k be (-1*s)/(b/(-32)). What is the highest common divisor of k and 5?
5
Suppose f - 11*f + 2590 = 0. Calculate the highest common factor of f and 37.
37
Suppose -3*y = 4*w - 3*w + 3, -4*w = y - 32. Let v be w - 0 - 12/6. What is the greatest common factor of 56 and v?
7
Let d be -3*5/(-15)*96. What is the greatest common divisor of d and 32?
32
Suppose -6 = 4*d + 18. Let m be (-27)/(-18)*(-68)/d. Calculate the highest common factor of 136 and m.
17
Suppose 540 = -40*q + 44*q. Calculate the greatest common divisor of q and 27.
27
Let b = -75 + 119. What is the highest common divisor of 11 and b?
11
Let t(s) be the first derivative of 28*s**3 + 1. Let f be t(-1). Calculate the highest common factor of 12 and f.
12
Suppose 5*n = -s + 18, 0 = -4*s + s - 5*n + 24. Let c = 88 + -56. Suppose o = -s*o + c. What is the highest common factor of 24 and o?
8
Let v(s) = 24*s**3 - s + 1. Let d be v(1). Calculate the greatest common factor of d and 3.
3
Let r(t) = -5*t - 18. Let b be r(-5). Let k be -28 + (1 + 0)/(-1). Let i = b - k. What is the highest common factor of 24 and i?
12
Let k = -23 - -69. Let r = -32 + k. Suppose 41*g - 112 = 33*g. Calculate the greatest common divisor of g and r.
14
Let v be 0 - -2*40/5. Calculate the greatest common factor of 176 and v.
16
Suppose y + 4*p = 9*p - 18, 3*y = -5*p + 26. Suppose y*b - 28 = -2. What is the highest common divisor of b and 143?
13
Suppose -3*l + 3*z + 42 = 0, -2*l + 52 = 3*l + 4*z. Calculate the highest common factor of l and 12.
12
Suppose 0 = 2*j - 44 + 16. Let m be j/(-1)*(-11 + 7). Calculate the greatest common divisor of 8 and m.
8
Let v = 32 + -12. Let i be (-3)/(-2)*((-39)/(-9) - -1). What is the greatest common divisor of v and i?
4
Suppose -149 - 115 = -4*a. Suppose 0 = -3*q + 1 + 17. What is the greatest common divisor of a and q?
6
Let n = -3 - -7. Suppose n*m + 3*h = h + 162, 38 = m + 3*h. Let v be (-1)/(-3) - m/(-3). Calculate the highest common factor of 154 and v.
14
Let r(c) = c**2 + c - 1. Let t be 2/(-8) - 7/4. Let k be r(t). What is the greatest common divisor of k and 8?
1
Let r(c) = -c**3 + 4*c**2 + 11*c - 3. Let b be r(-3). What is the highest common divisor of 45 and b?
9
Let b be 34 + (-2 - (-18)/3)/2. Calculate the greatest common factor of 9 and b.
9
Let u be -1 + 1*(2 + 9). Let d = 31 - u. Let j = 9 - 2. Calculate the highest common divisor of d and j.
7
Let o(u) = -3*u**2 + 8*u + 3. Let s(x) = -13*x**2 + 33*x + 12. Let b(l) = -9*o(l) + 2*s(l). Let q be b(8). What is the highest common factor of 52 and q?
13
Let h be 1/(-3)*15/(-1). Suppose 23 = -3*y - h*z + 148, -2*y = z - 74. What is the greatest common divisor of y and 5?
5
Let f(l) = -l**3 - 5*l**2 - 2*l - 7. Let v(w) = -w**2 - 5. Let r be v(0). Let g be f(r). Let s = -57 + 84. Calculate the greatest common factor of s and g.
3
Let s be 20/50 - (-336)/10. Calculate the greatest common factor of 2 and s.
2
Suppose 4*z = -5*b + 9, 7 = 4*b + b + 2*z. Calculate the greatest common divisor of b and 3.
1
Let q(n) = 4*n**2 + 15*n + 26. Let a be q(-8). What is the highest common divisor of a and 9?
9
Let r be 47/2 + 2/4. Let i(c) = 11*c - 1. Let d be i(-4). Let m be d/(-6)*(7 + 1). What is the highest common factor of r and m?
12
Let s(m) = -19*m - 1. Let r be s(-1). What is the greatest common divisor of 45 and r?
9
Suppose 30 = 4*a - 2. Suppose -2*g - 4*s + 4 = 0, -a = -4*g + 5*s - 3*s. Let n be (15/(-4))/(6/(-16)). What is the greatest common divisor of g and n?
2
Suppose 147 = 5*q - 4*q. Suppose -2*v = -5*w + 267, 5*v = 3*w - q + 2. What is the greatest common factor of w and 22?
11
Let l = -1 + 4. Suppose -l*s - 2*s + 435 = 0. Let t = -42 + s. Calculate the greatest common divisor of t and 5.
5
Suppose -2*c = -5*b + 39 + 163, -4*b - 3*c = -180. Let f(r) = -r**3 - r**2 + 5*r + 3. Let a be f(-3). What is the highest common factor of a and b?
6
Let y = -153 - -265. Calculate the highest common divisor of y and 42.
14
Let d = 334 + 156. Let s = d - 259. Suppose 24 = 5*y - 81. Calculate the greatest common factor of y and s.
21
Let i be -2 + -4*(-3)/(-6). Let q = i - -6. Suppose 0 = 2*k - 4*n, -4*k + 3*n = -0 - 5. Calculate the greatest common divisor of k and q.
2
Suppose -2*b = -b + 4, -5*h = -5*b - 40. Suppose h*f - 5*f = -y + 86, 2*y = f + 177. What is the highest common divisor of 13 and y?
13
Let c(b) = 3*b**3 - 2*b**2 - 7*b + 2. Let l be c(3). Let v = 3 - -1. Calculate the highest common divisor of v and l.
4
Let a = 14 - 6. Suppose 77 = 4*u - 19. What is the highest common divisor of a and u?
8
Let s(q) be the second derivative of -q**5/5 + q**3/6 + q**2/2 + 4*q. Let n be s(-1). Calculate the highest common divisor of 12 and n.
4
Let z(k) = -k**3 - 13*k**2 + 13*k + 8. Let t be z(-14). Calculate the highest common divisor of 66 and t.
22
Let d be (-20)/6*(-6)/5. Let t be (-27)/d*6*-2. Suppose 3*b - t = 15. What is the greatest common divisor of b and 8?
8
Suppose r + r - 15 = -3*k, -2*k - 5*r - 1 = 0. Suppose 125 = 3*f + 5*x, 2*f - 76 = -3*x + k*x. Calculate the highest common factor of f and 8.
8
Let q = -3 + 6. Suppose -41 - 7 = -4*z. Suppose 2*g - 2*p + 2 = 0, -2*g = 5*p - z - 14. Calculate the greatest common factor of g and q.
3
Suppose j - 5 = -1. Suppose -j*m = m - 120. Let q be -2 + 6 - (-2 + 3). Calculate the highest common divisor of m and q.
3
Let u(h) = 3 - 1 + 5*h + 6*h. Let g be u(3). Suppose -2*i - g = -155. Calculate the highest common divisor of 12 and i.
12
Let j = 3 - -1. Suppose 0 = 5*a + j*m - 30, -5*a - 5*m + 25 = -2*m. Let h = 17 - 7. Calculate the greatest common factor of h and a.
2
Let v(c) = -c - 2. Let q be -2*1 - (-4 - -6). Let w be v(q). Suppose w*k - 10 = 0, 4*m + k - 4*k = -7. Calculate the highest common factor of 18 and m.
2
Let j = 142 - 97. What is the greatest common divisor of 5 and j?
5
Let v = 62 - 30. Suppose -3*r - r = -v. Calculate the highest common factor of 16 and r.
8
Let t(f) = -f**3 - 4*f**2 - 2*f - 4. Let c be t(-4). Suppose -31 - c = -5*u. Calculate the highest common divisor of u and 63.
7
Let q be 21/(-63) - (-43)/3. Calculate the greatest common factor of 14 and q.
14
Let y be (-86)/(-8) + 2/8. Let s = -48 - -87. Let a be s/3 - (1 - -1). Calculate the highest common divisor of y and a.
11
Let f(l) = -2*l**3 - 2*l - 1. Let n be f(-1). Suppose 3*y - 93 = -3*u, -41 = -y + n*u + u. Let h = -22 + y. What is the highest common divisor of 44 and h?
11
Suppose -42*y + 37*y + 1280 = 0. Calculate the highest common divisor of y and 32.
32
Suppose 2*d - 4*p - 66 = -d, -d - 2*p = -12. Suppose 7*l = -5*h + 3*l + 15, 4*l - 23 = 3*h. Let j be h*12/2*-1. Calculate the highest common factor of j and d.
6
Suppose -f - 2*v = -33, 0*f + f + 5*v - 45 = 0. Let g = 18 - f. Let l be (-5)/4*56/g. What is the greatest common factor of 70 and l?
10
Let u(b) = b**3 + b - 1. Let d(q) = -9*q**3 - q**2 - 3*q + 2. Let o(m) = d(m) + 4*u(m). Let y be o(-2). Calculate the highest common factor of 8 and y.
8
Let h(d) = -d + 1. Let w be h(-3). Calculate the highest common factor of 16 and w.
4
Suppose -2*b - 3